actors of j?
2, 3
Let u(x) = 3*x - 5. Let w be u(5). Suppose -2 = -3*l + w. Let s(r) = r**3 - 3*r**2 - 4*r + 4. List the prime factors of s(l).
2
Let y(g) = g**3 + g**2 + 44. What are the prime factors of y(0)?
2, 11
Suppose 4*q = -2*b + 3720, 5*q - 5660 = -3*b - 1009. List the prime factors of q.
929
What are the prime factors of 3/(-1)*(-2570)/15?
2, 257
Suppose 7*x - 3*x = 0. Suppose 3*a = 3*z - x*a, 5*a = -5*z. Suppose 0 = -t - z*r - r + 49, -4*t + 151 = -5*r. List the prime factors of t.
2, 11
Let h = 630 - 329. Suppose -3*q + 4*p = 3*p - h, -5*q = -5*p - 505. List the prime factors of q.
2, 5
Let l = 19 + -16. Let a(t) = 9*t**2 + t - 9. List the prime factors of a(l).
3, 5
Let m be (-35)/(-2)*8/(-10). Let l = -143 + 140. Let z = l - m. List the prime factors of z.
11
Suppose 8 = 4*c, -3*w + 2 = -2*c - 3. Let z be -3*w*1 - 0. List the prime factors of 4/2 - z/3.
5
What are the prime factors of 24 + 3838 + ((-3)/1 - -2)?
3, 11, 13
Suppose r - 4*d + 19447 = 6*r, -5*r = d - 19453. What are the prime factors of r?
3, 1297
Let o(g) = 17*g + 38. List the prime factors of o(2).
2, 3
Let m = 73 + 891. What are the prime factors of m?
2, 241
Let q be (-1)/(-2) + 281/2. Let n be (q - (0 + -2)) + -3. Suppose -n = -5*c + 3*u - 51, 2*u + 54 = 3*c. List the prime factors of c.
2
Let o = 10407 - 7035. List the prime factors of o.
2, 3, 281
Suppose 2 = -3*s + 3*y - 4, 0 = -2*s + y - 1. Suppose 2*z - 3*n - s = 9, -4*z - 4*n + 20 = 0. Suppose 0 = -6*f + z*f + 24. List the prime factors of f.
2, 3
Let t be (13 - -77)*(-3)/(-2). Suppose 69 = 4*z + 2*b - t, -2*b - 41 = -z. List the prime factors of z.
7
Let w(f) = f**2 - 5*f + 1. Let m = -17 + 22. Let l be w(m). Suppose -2*p + 61 - l = 0. List the prime factors of p.
2, 3, 5
Let t be -4 + (-97*3 - 3). Let g = t - -433. What are the prime factors of g?
3, 5
Suppose -152 = 3*p - 464. Suppose f = 3*q - p, -2*f - 136 = -2*q - 2*q. Suppose -v - v = -q. List the prime factors of v.
2, 3
Let f = 864 + -602. What are the prime factors of f?
2, 131
What are the prime factors of ((-431)/3)/(58/(-174))?
431
Let l(c) = 2*c + 1. Let k be l(1). Let s(a) = -a**3 - 16*a**2 - 16*a - 8. Let q be s(-15). What are the prime factors of (k - q)*33/(-12)?
11
Let i = -11 - -17. Let d(r) = 2*r**2 - 8*r + 5. What are the prime factors of d(i)?
29
Let p = 231 + 407. What are the prime factors of p?
2, 11, 29
Suppose -181 = 4*s + 39. Let x be (76/10)/((-22)/s). List the prime factors of (2 + -1)/(1/x).
19
Suppose -34 = -3*i + 2. Suppose 4*k + 33 + i = a, -16 = 4*k. What are the prime factors of a?
29
Let k(s) = s. Let z be k(2). Suppose 4*g = -0*g + 5*q + 49, -3*q - 27 = -z*g. What are the prime factors of 1*(-3)/g*-8?
2
List the prime factors of (4/8)/((-17)/(-14484)).
2, 3, 71
Suppose -2*h = -4*c + 22, 2*h - h - 14 = -3*c. Suppose c*p - 1297 = -332. What are the prime factors of p?
193
Let y(t) = 147*t - 4. Let c be y(-12). List the prime factors of c/(-15) + (-20)/(-150).
2, 59
Suppose 0 = -4*h - 47 + 11. Let r be -1 + h/12*-4. Suppose -r*x + 4 = -2*z + 18, 0 = -4*z - 4*x + 28. List the prime factors of z.
7
What are the prime factors of (21 - -2950)*(1 + 0)?
2971
Let l(y) = 11*y + 10. Let a be l(4). Suppose 4*s + a = 6*s. What are the prime factors of s?
3
Suppose -4*j + 2*q - 4*q - 2 = 0, 5*j = -2*q. Suppose 3*w + 29 = 3*n - 19, w - j*n = -12. List the prime factors of (-145)/w*(-2 + 6).
29
Suppose -3*h + 7 = -c, -4*c + 2 = -6*c. Let d be (h + (-32)/12)*-3. Suppose 5*j - d*r + 12 - 211 = 0, 5*j - 193 = -r. List the prime factors of j.
3, 13
Let b = 2265 - -1470. List the prime factors of b.
3, 5, 83
Let g = -508 - -999. List the prime factors of g.
491
Suppose -2842 = -40*n + 21958. List the prime factors of n.
2, 5, 31
Let l(n) = -n**3 + 2*n**2 - n + 21. Let q be l(0). Suppose -6 = -3*o + q. List the prime factors of o.
3
What are the prime factors of (-35)/(-28) + ((-4710)/(-8) - -1)?
3, 197
List the prime factors of (5/3)/(115/2484).
2, 3
Let g = 94 + -76. Suppose 0 = g*h - 14*h - 620. List the prime factors of h.
5, 31
Let l = 0 - 0. Suppose -n + 3*k - 9 = 0, -2*n - n + 5*k - 15 = l. Suppose r + 5*t - 44 = -0, n = 2*r + 4*t - 64. List the prime factors of r.
2, 3
Let c = 588 + 1510. List the prime factors of c.
2, 1049
Let h = -269 + 1571. List the prime factors of h.
2, 3, 7, 31
Let c(k) = -16*k**2 - 1. Let t be c(3). Let n = t + 205. Suppose -2*v + 2*x + x + 40 = 0, 0 = -3*v - x + n. What are the prime factors of v?
2, 5
Let x be 14/(-49) - (-40)/(-7). Suppose -2*l + 3200 = -0*g + 2*g, -5*l = -4*g + 6418. List the prime factors of x/21 + g/21.
2, 19
Let r be (-2)/(-3 - -2) + 2. Suppose -9 = -r*j + j. Suppose j*c - 2 - 10 = 0. List the prime factors of c.
2
Suppose 4*v + 200 = 6*v. Suppose -j = 3*j + b - 108, 4*j - b = v. List the prime factors of j.
2, 13
Let q(m) = 14*m**2 - 2*m + 2. Suppose 25 = -5*d, -4*r + 3*r = -5*d - 28. What are the prime factors of q(r)?
2, 61
Let h(v) = v**3 - 8*v**2 - 13*v + 8. Let f be h(10). Let t = 168 - f. List the prime factors of t.
2, 3, 5
Suppose 2*c - 10504 = -4*u, 11*c = -u + 6*c + 2626. List the prime factors of u.
2, 13, 101
Let t(b) = -b + 13. Let k be t(16). Let h be (-6)/(18/15) - k. What are the prime factors of (207/(-18))/(h/8)?
2, 23
Suppose -3*f - 2*f - 10 = 0, 2*b = 5*f - 44. Let t = 12 + b. What are the prime factors of (52/(-6))/(10/t)?
13
Let t(r) = 2*r**2 + 12*r + 2. Let b be t(-8). Let o be 2/(-5) - b/(-10). Suppose w = -o*w + 136. List the prime factors of w.
2, 17
Let k(n) = -n**2 - 9*n - 6. Let v be k(-8). Let m be 2 - (0 + -2 + 8). List the prime factors of v/m*0 - -7.
7
Let s = 37 + -40. Let c(u) = 33*u**2 - 4*u. What are the prime factors of c(s)?
3, 103
Let f be 1/(-2)*(7 + -7). Let r be 276 - (f - -3)/3. What are the prime factors of (-4)/5*r/(-10)?
2, 11
Suppose 5*v + 0*v = 20. Suppose -164 = -v*g + 108. Suppose 2*d + 3*j - 76 = 0, -2*d = 4*j + j - g. What are the prime factors of d?
2, 11
List the prime factors of 25696/28 + 18/63.
2, 3, 17
Let p = -7 - -15. Suppose -4*s + p = -2*s. Suppose 6 = 3*a, 0 = 2*j - s*a - 46 + 2. What are the prime factors of j?
2, 13
Let s(u) = u**3 + 7*u**2 + 6*u + 2. Let o be s(-6). Suppose -o*r + 90 = -r. What are the prime factors of r?
2, 3, 5
Let v(p) = -p**2 + 27*p - 70. What are the prime factors of v(21)?
2, 7
Let q(r) = 26*r**2 - 9*r - 17. What are the prime factors of q(-4)?
3, 5, 29
Let p = -698 + 1412. What are the prime factors of p?
2, 3, 7, 17
Let w = -12 - -6. Let j(k) = 3*k + 35. Let r be j(-9). Let n = r - w. What are the prime factors of n?
2, 7
Suppose 0 = 4*l - 8*l - 4. List the prime factors of (2 - 46*l) + 18 + -18.
2, 3
List the prime factors of 2076/2*(-6)/(-18).
2, 173
Suppose -3*o = -w + 490, 2530 = -0*w + 5*w + o. List the prime factors of w.
5, 101
Let x(j) be the first derivative of 2*j**3 - j**2 + j + 3. Let f be x(1). Suppose 3*p = -f + 29. What are the prime factors of p?
2
Let f be 33/7 + (-4)/(-14). Suppose 64 - 299 = -f*k. What are the prime factors of k?
47
Let y = -32 - -36. Suppose -j + 24 = -y. What are the prime factors of j?
2, 7
Let c = 6270 + -3706. What are the prime factors of c?
2, 641
Let n = -22 - -508. List the prime factors of n.
2, 3
Let n = 2097 + -879. What are the prime factors of n?
2, 3, 7, 29
Suppose -15 = 5*x - 2*l - 46, -3*x + 5*l + 30 = 0. Suppose 0 = x*j - 91 - 39. List the prime factors of j.
2, 13
Let q be (0 - (-2)/3)*285/10. Suppose 15*z = q*z - 152. List the prime factors of z.
2, 19
Suppose 5*o = w - 920, 2*w - 2857 = -5*o - 1062. List the prime factors of w.
5, 181
Let d be ((-1)/2)/(7/(-28)). Suppose 97 + 15 = d*u. List the prime factors of u.
2, 7
Suppose -w = -f - 8, w + f - 12 = -3*w. Suppose -w*t = -0*t + v - 22, -5*t + 20 = 5*v. Suppose a + t = 3*a. List the prime factors of a.
3
Suppose 25 = -2*z + 171. Suppose -3*v + z - 22 = 0. List the prime factors of v.
17
Let d = -1605 - -2605. Suppose 2*v - 24 = -v + 3*b, 16 = -4*b. What are the prime factors of 2/v - d/(-16)?
3, 7
Suppose -4*f + 4*j = 36, -4*j = j - 15. What are the prime factors of (3/f + 1)*(108 - 0)?
2, 3
Suppose 9*t - 60 = 4*t - 2*z, -4*t = -4*z - 20. Let i = t - 8. Suppose -i*s = -0 - 8. List the prime factors of s.
2
Let k(n) = -5*n**3 + 3*n**3 + 8*n**2 + 7*n + 3*n**3 - 8. List the prime fact